6682?
False
Does 89 divide 489950?
False
Is 301269 a multiple of 36?
False
Is 355740 a multiple of 242?
True
Is 231 a factor of 6051045?
True
Does 30 divide 1336241?
False
Does 13 divide 5214469?
True
Is 4340837 a multiple of 10?
False
Is 31096 a multiple of 31?
False
Does 22 divide 3340766?
True
Is 232 a factor of 571648?
True
Does 16 divide 1280675?
False
Is 521964 a multiple of 48?
False
Is 919460 a multiple of 5?
True
Is 3233274 a multiple of 33?
True
Is 456157 a multiple of 19?
False
Does 22 divide 370204?
False
Is 571179 a multiple of 7?
True
Is 130546 a multiple of 26?
True
Does 236 divide 568815?
False
Does 100 divide 167200?
True
Does 776 divide 467152?
True
Is 120 a factor of 266880?
True
Does 291 divide 114027?
False
Is 21 a factor of 151235?
False
Is 96760 a multiple of 41?
True
Is 23 a factor of 10434272?
True
Is 30 a factor of 2449274?
False
Does 139 divide 1052786?
True
Is 2497075 a multiple of 133?
True
Is 108 a factor of 1519560?
True
Is 18 a factor of 98679?
False
Does 624 divide 858032?
False
Is 46779 a multiple of 11?
False
Does 241 divide 146539?
False
Does 90 divide 103140?
True
Is 293619 a multiple of 16?
False
Is 118586 a multiple of 6?
False
Is 1028431 a multiple of 43?
True
Is 8 a factor of 7456?
True
Does 26 divide 759278?
True
Does 23 divide 179194?
False
Does 491 divide 17013363?
False
Is 54 a factor of 161138?
False
Is 6 a factor of 67970?
False
Is 40 a factor of 35800?
True
Is 14 a factor of 70007?
False
Is 15871011 a multiple of 39?
True
Does 21 divide 897479?
False
Is 128254 a multiple of 5?
False
Does 22 divide 2158091?
False
Is 1090656 a multiple of 21?
True
Is 1196 a factor of 7158060?
True
Is 437084 a multiple of 873?
False
Does 52 divide 40768?
True
Is 10904954 a multiple of 9?
False
Is 2687503 a multiple of 136?
False
Is 114 a factor of 5568098?
False
Does 45 divide 119745?
True
Does 34 divide 1172660?
True
Is 11 a factor of 238579?
True
Does 52 divide 120358?
False
Does 3 divide 141674?
False
Is 197 a factor of 535127?
False
Is 93620 a multiple of 15?
False
Is 3 a factor of 2768625?
True
Is 122166 a multiple of 218?
False
Does 24 divide 2752344?
True
Is 137142 a multiple of 2?
True
Does 414 divide 11072844?
True
Is 23 a factor of 2864?
False
Does 62 divide 92524?
False
Is 76 a factor of 181631?
False
Is 87155 a multiple of 225?
False
Does 4 divide 36059?
False
Is 106 a factor of 58724?
True
Is 1050 a factor of 720300?
True
Is 44 a factor of 2719948?
True
Is 19 a factor of 3676130?
False
Does 13 divide 17494?
False
Is 1123845 a multiple of 5?
True
Is 60 a factor of 10079460?
True
Is 139 a factor of 56156?
True
Is 132472 a multiple of 43?
False
Is 490 a factor of 121502?
False
Does 13 divide 1467154?
True
Is 3182072 a multiple of 106?
False
Is 177 a factor of 47878?
False
Is 38 a factor of 69806?
True
Is 634359 a multiple of 517?
True
Is 4 a factor of 144764?
True
Is 36 a factor of 31968?
True
Is 1548621 a multiple of 13?
False
Is 254150 a multiple of 34?
True
Is 283 a factor of 21508?
True
Does 5 divide 42479?
False
Is 213190 a multiple of 10?
True
Does 9 divide 869843?
False
Is 24 a factor of 2892000?
True
Is 6 a factor of 3238932?
True
Does 9 divide 4557588?
False
Is 2787247 a multiple of 151?
False
Is 1493954 a multiple of 218?
True
Does 69 divide 279541?
False
Does 134 divide 5501136?
False
Is 453472 a multiple of 454?
False
Does 23 divide 2524296?
True
Is 689 a factor of 2858354?
False
Does 226 divide 21922?
True
Is 62860 even?
True
Is 295762 a multiple of 4?
False
Is 16 a factor of 5830608?
True
Is 317 a factor of 5194253?
False
Does 204 divide 204023?
False
Is 185077 a multiple of 78?
False
Is 688 a multiple of 43?
True
Is 27 a factor of 5535?
True
Is 2433375 a multiple of 8?
False
Does 7 divide 789180?
True
Does 6 divide 202390?
False
Is 317660 a multiple of 60?
False
Is 2998263 a multiple of 1317?
False
Does 17 divide 11659879?
False
Is 4068792 a multiple of 182?
True
Is 237108 a multiple of 835?
False
Does 296 divide 50873?
False
Is 8964702 a multiple of 22?
False
Is 305 a factor of 363865?
True
Is 13 a factor of 618878?
True
Is 1290300 a multiple of 850?
True
Does 74 divide 140230?
True
Does 23 divide 211638?
False
Is 85250 a multiple of 11?
True
Is 474083 a multiple of 373?
True
Is 33 a factor of 2715266?
False
Is 41040 a multiple of 216?
True
Is 198889 a multiple of 59?
True
Is 20 a factor of 2571667?
False
Is 31 a factor of 298517?
False
Does 14 divide 54264?
True
Is 114 a factor of 12654?
True
Does 503 divide 8243164?
True
Does 78 divide 515567?
False
Is 148315 a multiple of 2?
False
Is 36 a factor of 160739?
False
Is 1954674 a multiple of 678?
True
Does 3 divide 140606?
False
Does 247 divide 3132678?
False
Is 12816 a multiple of 8?
True
Is 16 a factor of 77696?
True
Does 13 divide 89647?
False
Is 25 a factor of 149950?
True
Is 260 a factor of 10592660?
True
Is 10 a factor of 830670?
True
Is 277 a factor of 2810213?
False
Is 60 a factor of 3357444?
False
Does 8 divide 29256?
True
Is 249690 a multiple of 105?
True
Is 73 a factor of 4249?
False
Is 117457 a multiple of 66?
False
Does 13 divide 428712?
False
Does 95 divide 954697?
False
Is 55 a factor of 27720?
True
Is 12296088 a multiple of 42?
True
Is 52 a factor of 849050?
False
Does 265 divide 1062650?
True
Is 12 a factor of 86016?
True
Does 6 divide 1782144?
True
Does 415 divide 105887?
False
Is 3197054 a multiple of 119?
True
Is 844 a factor of 5099448?
True
Is 9 a factor of 2814759?
True
Does 38 divide 250192?
True
Is 12 a factor of 4122084?
True
Is 603494 a multiple of 3?
False
Does 1741 divide 21898298?
True
Is 10 a factor of 1287322?
False
Is 83763 a multiple of 369?
True
Does 14 divide 759097?
False
Is 124726 a multiple of 37?
False
Is 125 a factor of 12875?
True
Is 51090 a multiple of 60?
False
Is 1495761 a multiple of 1262?
False
Is 23554428 a multiple of 77?
False
Does 311 divide 107606?
True
Does 61 divide 418454?
False
Does 125 divide 1400500?
True
Is 461986 a multiple of 89?
False
Is 62 a factor of 740528?
True
Is 8 a factor of 229560?
True
Does 7 divide 46538?
False
Does 3 divide 873430?
False
Does 174 divide 525385?
False
Does 6 divide 19873?
False
Does 151 divide 7567?
False
Is 988601 a multiple of 5?
False
Is 40 a factor of 283247?
False
Is 829939 a multiple of 500?
False
Is 69 a factor of 2926399?
False
Does 485 divide 6037765?
True
Does 11 divide 231198?
True
Is 376215 a multiple of 35?
True
Does 124 divide 2378692?
True
Is 6525 a multiple of 29?
True
Does 6 divide 268691?
False
Is 197498 a multiple of 14?
True
Is 779737 a multiple of 385?
False
Is 817704 a multiple of 72?
True
Does 381 divide 611886?
True
Does 34 divide 109296?
False
Is 50 a factor of 448504?
False
Is 80818 a multiple of 555?
False
Does 16 divide 336880?
True
Is 96 a factor of 52489?
False
Is 243 a factor of 147048?
False
Does 17 divide 764303?
True
Does 22 divide 185869?
False
Does 4 divide 27187?
False
Is 53431 a multiple of 40?
False
Is 207 a factor of 128754?
True
Is 5 a factor of 702555?
True
Is 56 a factor of 126963?
False
Is 4777548 a multiple of 57?
False
Is 36348 a multiple of 39?
True
Is 160480 a multiple of 40?
True
Is 12315952 a multiple of 1341?
False
Is 381088 a multiple of 58?
False
Is 5627338 a multiple of 56?
False
Is 57850 a multiple of 169?
False
Does 312 divide 5131635?
False
Is 48 a factor of 231072?
True
Is 60 a factor of 5993369?
False
Is 311 a factor of 413630?
True
Is 3197664 a multiple of 225?
False
Is 11389755 a multiple of 39?
True
Does 332 divide 1125480?
True
Does 691 divide 11452028?
False
Is 5289115 a multiple of 13?
True
Is 13 a factor of 2483585?
True
Is 1194750 a multiple of 27?
True
Does 332 divide 398400?
True
Does 24 divide 504155?
False
Does 15 divide 476356?
False
Is 13969096 a multiple of 2449?
True
Is 29 a factor of 8346751?
True
Is 28 a factor of 1907?
False
Is 1894 a factor of 19171068?
True
Is 24 a factor of 37297?
False
Is 46 a factor of 746718?
True
Is 73920 a multiple of 240?
True
Does 70 divide 69440?
True
Is 62 a factor of 400627?
False
Is 19 a factor of 410491?
False
Does 12 divide 139173?
False
Is 28 a factor of 77168?
True
Does 219 divide 993771?
False
Is 53 a factor of 52311?
True
Is 89600 a multiple of 100?
True
Is 61 a factor of 200583?
False
Does 60 divide 604020?
True
Is 29920704 a multiple o